{"id":15,"date":"2024-08-14T08:14:10","date_gmt":"2024-08-14T08:14:10","guid":{"rendered":"https:\/\/atastek.com\/?page_id=15"},"modified":"2025-03-20T10:39:56","modified_gmt":"2025-03-20T17:39:56","slug":"home","status":"publish","type":"page","link":"https:\/\/atastek.com\/","title":{"rendered":"ATASTEK.COM"},"content":{"rendered":"\n<div class=\"wp-block-cover alignfull is-light hestia-clear-top-padding\"><span aria-hidden=\"true\" class=\"wp-block-cover__background has-white-background-color has-background-dim-100 has-background-dim\"><\/span><div class=\"wp-block-cover__inner-container is-layout-flow wp-block-cover-is-layout-flow\">\n<div style=\"height:34px\" aria-hidden=\"true\" class=\"wp-block-spacer\"><\/div>\n\n\n\n<h2 class=\"wp-block-heading has-text-align-center has-black-color has-text-color has-link-color wp-elements-6013ebdfc14b13757e6b348bc06f281f\" style=\"font-size:32px\"><strong> N\u1ec0N T\u1ea2NG K\u1ebeT N\u1ed0I \u0110\u1ec8NH CAO GI\u1eeeA KH\u00c1CH H\u00c0NG V\u00c0 L\u1eacP TR\u00ccNH VI\u00caN<\/strong><\/h2>\n\n\n\n<div style=\"height:11px\" aria-hidden=\"true\" class=\"wp-block-spacer\"><\/div>\n\n\n\n<p class=\"container\" style=\"font-size:16px\"><strong>GI\u1edaI THI\u1ec6U ATASTEK \u2013 N\u1ec0N T\u1ea2NG K\u1ebeT N\u1ed0I \u0110\u1ec8NH CAO GI\u1eeeA KH\u00c1CH H\u00c0NG V\u00c0 L\u1eacP TR\u00ccNH VI\u00caN!<\/strong><br><em>Bi\u1ebfn \u00fd t\u01b0\u1edfng th\u00e0nh ph\u1ea7n m\u1ec1m ho\u00e0n ch\u1ec9nh \u2013 K\u1ebft n\u1ed1i kh\u00f4ng gi\u1edbi h\u1ea1n, th\u00e0nh c\u00f4ng v\u01b0\u1ee3t tr\u1ed9i!<\/em><\/p>\n\n\n\n<hr class=\"wp-block-separator has-alpha-channel-opacity\"\/>\n\n\n\n<h3 class=\"wp-block-heading\"><strong>KH\u00c1CH H\u00c0NG \u2013 L\u00c0M CH\u1ee6 D\u1ef0 \u00c1N PH\u1ea6N M\u1ec0M V\u1edaI CHI PH\u00cd T\u1ed0I \u01afU, T\u1ed0C \u0110\u1ed8 TH\u1ea6N T\u1ed0C!<\/strong><\/h3>\n\n\n\n<p>B\u1ea1n mu\u1ed1n ph\u00e1t tri\u1ec3n ph\u1ea7n m\u1ec1m ch\u1ea5t l\u01b0\u1ee3ng nh\u01b0ng ng\u00e1n ng\u1ea9m v\u1edbi quy tr\u00ecnh c\u1ee9ng nh\u1eafc v\u00e0 chi ph\u00ed \u201cc\u1eaft c\u1ed5\u201d t\u1eeb c\u00e1c c\u00f4ng ty truy\u1ec1n th\u1ed1ng?&nbsp;<strong>Atastek<\/strong>&nbsp;ch\u00ednh l\u00e0 gi\u1ea3i ph\u00e1p \u0111\u1ed9t ph\u00e1 d\u00e0nh cho b\u1ea1n!<\/p>\n\n\n\n<ul class=\"wp-block-list\">\n<li><strong>K\u1ebft n\u1ed1i tr\u1ef1c ti\u1ebfp v\u1edbi Top 1% Developer xu\u1ea5t s\u1eafc<\/strong>: Ch\u1ecdn l\u1ecdc t\u1eeb h\u00e0ng ngh\u00ecn l\u1eadp tr\u00ecnh vi\u00ean freelance gi\u1ecfi chuy\u00ean m\u00f4n, portfolio \u0111a d\u1ea1ng, \u0111\u00e1nh gi\u00e1 minh b\u1ea1ch.<\/li>\n\n\n\n<li><strong>To\u00e0n quy\u1ec1n ki\u1ec3m so\u00e1t d\u1ef1 \u00e1n<\/strong>: T\u1eeb giao vi\u1ec7c, \u0111\u1eb7t y\u00eau c\u1ea7u, l\u1eadp k\u1ebf ho\u1ea1ch, \u0111\u1ebfn nghi\u1ec7m thu v\u00e0 thanh to\u00e1n \u2013 T\u1ea5t c\u1ea3 di\u1ec5n ra ngay tr\u00ean n\u1ec1n t\u1ea3ng.<\/li>\n\n\n\n<li><strong>Ti\u1ebft ki\u1ec7m 50% ng\u00e2n s\u00e1ch, r\u00fat ng\u1eafn 70% th\u1eddi gian<\/strong>: Lo\u1ea1i b\u1ecf trung gian, kh\u00f4ng ph\u00ed \u1ea9n, ch\u1ec9 thanh to\u00e1n khi h\u00e0i l\u00f2ng v\u1edbi k\u1ebft qu\u1ea3!<br><strong>\ud83d\udc49 CLICK NGAY<\/strong>\u00a0\u0111\u1ec3 kh\u1edfi \u0111\u1ed9ng d\u1ef1 \u00e1n v\u00e0 nh\u1eadn \u01b0u \u0111\u00e3i\u00a0<strong>GI\u1ea2M 30% PH\u00cd \u0110\u1eb6T C\u1eccC<\/strong>\u00a0trong th\u00e1ng n\u00e0y!<\/li>\n<\/ul>\n\n\n\n<hr class=\"wp-block-separator has-alpha-channel-opacity\"\/>\n\n\n\n<h3 class=\"wp-block-heading\"><strong>L\u1eacP TR\u00ccNH VI\u00caN FREELANCE \u2013 THO\u00c1T KI\u1ebeP \u201cCODE THU\u00ca\u201d, \u0110\u00d3N C\u01a0 H\u1ed8I V\u00c0NG!<\/strong><\/h3>\n\n\n\n<p>B\u1ea1n m\u1ec7t m\u1ecfi v\u1edbi d\u1ef1 \u00e1n gi\u00e1 r\u1ebb, thanh to\u00e1n ch\u1eadm, hay kh\u00e1ch h\u00e0ng thi\u1ebfu chuy\u00ean nghi\u1ec7p?&nbsp;<strong>Atastek<\/strong>&nbsp;mang \u0111\u1ebfn h\u1ec7 sinh th\u00e1i&nbsp;<strong>CH\u1ea4T \u2013 UY T\u00cdN \u2013 L\u01af\u01a0NG CAO<\/strong>:<\/p>\n\n\n\n<ul class=\"wp-block-list\">\n<li><strong>D\u1ef1 \u00e1n \u0111a d\u1ea1ng, thanh to\u00e1n t\u1ee9c th\u00ec<\/strong>: Nh\u1eadn task ph\u00f9 h\u1ee3p k\u1ef9 n\u0103ng, cam k\u1ebft chi tr\u1ea3 100% qua h\u1ec7 th\u1ed1ng b\u1ea3o m\u1eadt.<\/li>\n\n\n\n<li><strong>L\u00e0m ch\u1ee7 s\u1ef1 nghi\u1ec7p<\/strong>: Th\u01b0\u01a1ng l\u01b0\u1ee3ng tr\u1ef1c ti\u1ebfp v\u1edbi kh\u00e1ch h\u00e0ng, ch\u1ee7 \u0111\u1ed9ng timeline, kh\u00f4ng qua b\u1ea5t k\u1ef3 trung gian n\u00e0o!<\/li>\n\n\n\n<li><strong>N\u00e2ng t\u1ea7m th\u01b0\u01a1ng hi\u1ec7u c\u00e1 nh\u00e2n<\/strong>: T\u00edch l\u0169y \u0111\u00e1nh gi\u00e1 5 sao, x\u00e2y d\u1ef1ng portfolio \u1ea5n t\u01b0\u1ee3ng, thu h\u00fat d\u1ef1 \u00e1n ch\u1ea5t l\u01b0\u1ee3ng h\u01a1n.<br><strong>\ud83d\udc49 CLICK NGAY<\/strong>\u00a0\u0111\u1ec3 gia nh\u1eadp c\u1ed9ng \u0111\u1ed3ng developer \u0111\u1ec9nh cao v\u00e0\u00a0<strong>NH\u1eacN NGAY 5 D\u1ef0 \u00c1N MI\u1ec4N PH\u00cd<\/strong>\u00a0\u0111\u1ea7u ti\u00ean!<\/li>\n<\/ul>\n\n\n\n<hr class=\"wp-block-separator has-alpha-channel-opacity\"\/>\n\n\n\n<h3 class=\"wp-block-heading\"><strong>3 L\u00dd DO ATASTEK &#8220;\u0110\u00c1NH B\u1eacT&#8221; C\u00d4NG TY PH\u1ea6N M\u1ec0M TRUY\u1ec0N TH\u1ed0NG!<\/strong><\/h3>\n\n\n\n<ol start=\"1\" class=\"wp-block-list\">\n<li><strong>TI\u1ebeT KI\u1ec6M \u0110\u1ebeN 70%<\/strong>: C\u1eaft gi\u1ea3m m\u1ecdi l\u1edbp trung gian, kh\u00e1ch h\u00e0ng ch\u1ec9 tr\u1ea3 ti\u1ec1n cho k\u1ebft qu\u1ea3, developer nh\u1eadn l\u01b0\u01a1ng x\u1ee9ng t\u1ea7m!<\/li>\n\n\n\n<li><strong>T\u1ed0C \u0110\u1ed8 V\u0168 B\u00c3O<\/strong>: K\u1ebft n\u1ed1i trong 5 ph\u00fat, tri\u1ec3n khai d\u1ef1 \u00e1n ngay trong 24h \u2013 Nhanh g\u1ea5p 10 l\u1ea7n m\u00f4 h\u00ecnh truy\u1ec1n th\u1ed1ng!<\/li>\n\n\n\n<li><strong>MINH B\u1ea0CH TUY\u1ec6T \u0110\u1ed0I<\/strong>: H\u1ec7 th\u1ed1ng theo d\u00f5i ti\u1ebfn \u0111\u1ed9 real-time, \u0111\u1ea3m b\u1ea3o c\u00f4ng b\u1eb1ng cho c\u1ea3 hai b\u00ean, h\u1ee3p \u0111\u1ed3ng th\u00f4ng minh v\u00e0 b\u1ea3o m\u1eadt d\u1eef li\u1ec7u \u0111a t\u1ea7ng.<\/li>\n<\/ol>\n\n\n\n<hr class=\"wp-block-separator has-alpha-channel-opacity\"\/>\n\n\n\n<p><strong>\u0110\u1eeaNG \u0110\u1ec2 C\u01a0 H\u1ed8I TR\u00d4I QUA \u2013 TH\u00c0NH C\u00d4NG CH\u1ec8 D\u00c0NH CHO NG\u01af\u1edcI D\u00c1M H\u00c0NH \u0110\u1ed8NG!<\/strong><br>H\u01a1n&nbsp;<strong>10.000+ kh\u00e1ch h\u00e0ng<\/strong>&nbsp;v\u00e0&nbsp;<strong>25.000+ developer<\/strong>&nbsp;\u0111\u00e3 t\u0103ng thu nh\u1eadp, t\u1ed1i \u01b0u chi ph\u00ed v\u00e0 m\u1edf r\u1ed9ng c\u01a1 h\u1ed9i v\u1edbi Atastek.&nbsp;<strong>B\u1ea0N \u0110\u00c3 S\u1eb4N S\u00c0NG CH\u01afA?<\/strong><br>\ud83d\udc49&nbsp;<strong>TRUY C\u1eacP [atastek.com] NGAY<\/strong>&nbsp;\u0111\u1ec3 \u0111\u0103ng k\u00fd&nbsp;<strong>MI\u1ec4N PH\u00cd<\/strong>&nbsp;\u2013 Nh\u1eadn ngay g\u00f3i&nbsp;<strong>H\u1ed6 TR\u1ee2 1:1<\/strong>&nbsp;t\u1eeb \u0111\u1ed9i ng\u0169 chuy\u00ean gia!<\/p>\n\n\n\n<p><em>Atastek \u2013 N\u01a1i c\u00f4ng ngh\u1ec7 g\u1eb7p t\u00e0i n\u0103ng, bi\u1ebfn m\u1ecdi d\u1ef1 \u00e1n th\u00e0nh ki\u1ec7t t\u00e1c k\u1ef9 thu\u1eadt s\u1ed1!<\/em>&nbsp;\ud83d\udd25\ud83d\udcbb\ud83d\ude80<\/p>\n\n\n\n<p class=\"container\" style=\"font-size:16px\"><strong>#Atastek #FreelanceDeveloper #Ph\u00e1tTri\u1ec3nPh\u1ea7nM\u1ec1m #K\u1ebftN\u1ed1iTh\u00f4ngMinh<\/strong><\/p>\n\n\n\n<div style=\"height:46px\" aria-hidden=\"true\" class=\"wp-block-spacer\"><\/div>\n\n\n\n<div class=\"wp-block-columns container is-layout-flex wp-container-core-columns-is-layout-1 wp-block-columns-is-layout-flex\">\n<div class=\"wp-block-column container-class is-layout-flow wp-block-column-is-layout-flow\">\n<figure class=\"wp-block-gallery aligncenter has-nested-images columns-default is-cropped wp-block-gallery-1 is-layout-flex wp-block-gallery-is-layout-flex\"><div class=\"wp-block-image\">\n<figure class=\"aligncenter size-full\"><img loading=\"lazy\" decoding=\"async\" width=\"120\" height=\"120\" src=\"https:\/\/atastek.com\/wp-content\/uploads\/2025\/02\/icon-vision.png\" alt=\"\" class=\"wp-image-69\"\/><\/figure><\/div><\/figure>\n\n\n\n<h5 class=\"wp-block-heading has-text-align-center has-black-color has-text-color\" style=\"font-size:22px\">T\u1ea7m nh\u00ecn<\/h5>\n\n\n\n<p class=\"has-text-align-center has-black-color has-text-color\" style=\"font-size:16px\"><\/p>\n\n\n\n<div style=\"height:25px\" aria-hidden=\"true\" class=\"wp-block-spacer\"><\/div>\n<\/div>\n\n\n\n<div class=\"wp-block-column container-class is-layout-flow wp-block-column-is-layout-flow\">\n<figure class=\"wp-block-gallery aligncenter has-nested-images columns-default is-cropped wp-block-gallery-2 is-layout-flex wp-block-gallery-is-layout-flex\"><div class=\"wp-block-image\">\n<figure class=\"aligncenter size-full\"><img loading=\"lazy\" decoding=\"async\" width=\"120\" height=\"120\" src=\"https:\/\/atastek.com\/wp-content\/uploads\/2025\/02\/icon-core-values.png\" alt=\"\" class=\"wp-image-70\"\/><\/figure><\/div><\/figure>\n\n\n\n<h5 class=\"wp-block-heading has-text-align-center has-black-color has-text-color\" style=\"font-size:22px\">S\u1ee9 m\u1ec7nh<\/h5>\n\n\n\n<p class=\"has-text-align-center has-black-color has-text-color\" style=\"font-size:16px\"><\/p>\n\n\n\n<div style=\"height:25px\" aria-hidden=\"true\" class=\"wp-block-spacer\"><\/div>\n<\/div>\n\n\n\n<div class=\"wp-block-column container-class is-layout-flow wp-block-column-is-layout-flow\">\n<figure class=\"wp-block-gallery aligncenter has-nested-images columns-default is-cropped wp-block-gallery-3 is-layout-flex wp-block-gallery-is-layout-flex\"><div class=\"wp-block-image\">\n<figure class=\"aligncenter size-full\"><img loading=\"lazy\" decoding=\"async\" width=\"120\" height=\"120\" src=\"https:\/\/atastek.com\/wp-content\/uploads\/2025\/02\/icon-mission.png\" alt=\"\" class=\"wp-image-71\"\/><\/figure><\/div><\/figure>\n\n\n\n<h5 class=\"wp-block-heading has-text-align-center has-black-color has-text-color\" style=\"font-size:22px\">Gi\u00e1 tr\u1ecb c\u1ed1t l\u00f5i<\/h5>\n\n\n\n<p class=\"has-text-align-center has-black-color has-text-color\" style=\"font-size:16px\"><\/p>\n\n\n\n<div style=\"height:25px\" aria-hidden=\"true\" class=\"wp-block-spacer\"><\/div>\n<\/div>\n<\/div>\n\n\n\n<div style=\"height:45px\" aria-hidden=\"true\" class=\"wp-block-spacer\"><\/div>\n\n\n\n<h2 class=\"wp-block-heading has-text-align-center has-black-color has-text-color has-link-color wp-elements-fdf235c962c5fdaa6bd7c000b4ea9578\" style=\"font-size:32px\">QU\u00c1 TR\u00ccNH H\u00ccNH TH\u00c0NH V\u00c0 PH\u00c1T TRI\u1ec2N<\/h2>\n<\/div><\/div>\n\n\n\n<figure class=\"wp-block-image alignfull size-full is-style-default\"><img decoding=\"async\" src=\"https:\/\/atastek.com\/wp-content\/uploads\/2025\/02\/Welcome-1.png\" alt=\"\" class=\"wp-image-1956\"\/><\/figure>\n\n\n\n<div class=\"wp-block-group alignwide is-content-justification-center\" style=\"margin-top:0px;margin-bottom:0px;padding-top:64px;padding-bottom:64px\"><div class=\"wp-block-group__inner-container is-layout-constrained wp-block-group-is-layout-constrained\">\n<div class=\"wp-block-group is-content-justification-left\" style=\"border-radius:5px\"><div class=\"wp-block-group__inner-container is-layout-constrained wp-container-core-group-is-layout-1 wp-block-group-is-layout-constrained\">\n<h2 class=\"wp-block-heading has-text-align-center has-black-color has-text-color has-link-color wp-elements-5b2aa7af1154e77c77804085e9b1bea7\" style=\"font-size:32px\">D\u1ef0 \u00c1N C\u1ee6A CH\u00daNG T\u00d4I<\/h2>\n<\/div><\/div>\n\n\n\n<div style=\"height:34px\" aria-hidden=\"true\" class=\"wp-block-spacer\"><\/div>\n\n\n\n<div class=\"wp-block-group container\"><div class=\"wp-block-group__inner-container is-layout-constrained wp-block-group-is-layout-constrained\"><ul class=\"wp-block-latest-posts__list is-grid columns-3 my-project wp-block-latest-posts\"><\/ul><\/div><\/div>\n<\/div><\/div>\n\n\n\n<div class=\"wp-block-columns alignfull has-white-color has-black-background-color has-text-color has-background has-link-color wp-elements-644bd355f355e6ab767ba2438bf0bcf1 is-layout-flex wp-container-core-columns-is-layout-8 wp-block-columns-is-layout-flex\">\n<div class=\"wp-block-column is-layout-flow wp-block-column-is-layout-flow\">\n<div class=\"wp-block-columns container is-layout-flex wp-container-core-columns-is-layout-2 wp-block-columns-is-layout-flex\">\n<div class=\"wp-block-column is-vertically-aligned-center is-layout-flow wp-block-column-is-layout-flow\" style=\"flex-basis:30%\">\n<figure class=\"wp-block-image size-full\"><img loading=\"lazy\" decoding=\"async\" width=\"180\" height=\"58\" src=\"https:\/\/atastek.com\/wp-content\/uploads\/2025\/02\/ATASTEK-5-1.png\" alt=\"\" class=\"wp-image-1954\"\/><\/figure>\n\n\n\n<p style=\"font-size:20px\"><strong>C\u00f4ng ty CP c\u00f4ng ngh\u1ec7 Atastek<\/strong><\/p>\n<\/div>\n\n\n\n<div class=\"wp-block-column is-vertically-aligned-center is-layout-flow wp-block-column-is-layout-flow\" style=\"flex-basis:40%\">\n<p class=\"has-text-color has-link-color wp-elements-36dda861ac3367e2c274a2a417568460\" style=\"color:#ff9f09;font-size:25px\"><strong><mark style=\"background-color:rgba(0, 0, 0, 0);color:#51a5da\" class=\"has-inline-color\">\u0110\u0103ng k\u00fd ngay!<\/mark><\/strong><\/p>\n\n\n\n<p class=\"has-white-color has-text-color has-link-color wp-elements-8cd6a96aece0b85445c61bf05aa3afde\" style=\"font-size:15px\">\u0110\u1ec3 l\u1ea1i Email \u0111\u1ec3 nh\u1eadn th\u00f4ng tin m\u1edbi nh\u1ea5t t\u1eeb Ausun Holding<\/p>\n<\/div>\n\n\n\n<div class=\"wp-block-column is-vertically-aligned-center is-layout-flow wp-block-column-is-layout-flow\" style=\"flex-basis:30%\">\n<div style=\"display: grid; grid-template-columns: 1fr 0.1fr; align-items: center; height: 100px; border: 1px solid black;\">\n    <div style=\"display: flex;align-items: center;border-radius: 24px;padding: 8px 12px;margin-top: 14px;margin-right: 8px;height: 50px;background: white;box-shadow: 0px 4px 6px rgba(0, 0, 0, 0.1);\">\n        <svg xmlns=\"http:\/\/www.w3.org\/2000\/svg\" width=\"20\" height=\"20\" viewBox=\"0 0 24 24\" fill=\"none\" stroke=\"gray\" stroke-width=\"2\" stroke-linecap=\"round\" stroke-linejoin=\"round\" style=\"margin-right: 8px;\">\n            <path d=\"M4 4h16c1.1 0 2 .9 2 2v12c0 1.1-.9 2-2 2H4c-1.1 0-2-.9-2-2V6c0-1.1.9-2 2-2z\"><\/path>\n            <polyline points=\"22,6 12,13 2,6\"><\/polyline>\n        <\/svg>\n        <input type=\"email\" placeholder=\"Email\" style=\"border: none; outline: none; font-size: 16px; background: transparent; width: 200px;padding-top:14px\">\n    <\/div>\n    <svg width=\"45\" height=\"45\" viewBox=\"0 0 40 40\" fill=\"none\" xmlns=\"http:\/\/www.w3.org\/2000\/svg\">\n<rect width=\"40\" height=\"40\" rx=\"20\" fill=\"#51a5da\"\/>\n<path d=\"M27.5 20L28.2071 19.2929L28.9142 20L28.2071 20.7071L27.5 20ZM12.5 21C11.9477 21 11.5 20.5523 11.5 20C11.5 19.4477 11.9477 19 12.5 19V21ZM22.2071 13.2929L28.2071 19.2929L26.7929 20.7071L20.7929 14.7071L22.2071 13.2929ZM28.2071 20.7071L22.2071 26.7071L20.7929 25.2929L26.7929 19.2929L28.2071 20.7071ZM27.5 21H12.5V19H27.5V21Z\" fill=\"white\"\/>\n<\/svg>\n\n<\/div>\n<\/div>\n<\/div>\n\n\n\n<div style=\"height:27px;;margin:auto;border-top:1px solid #fff\" aria-hidden=\"true\" class=\"wp-block-spacer container\"><\/div>\n\n\n\n<div class=\"wp-block-columns container is-layout-flex wp-container-core-columns-is-layout-3 wp-block-columns-is-layout-flex\">\n<div class=\"wp-block-column is-layout-flow wp-block-column-is-layout-flow\" style=\"flex-basis:35%\">\n<p style=\"font-size:18px\"><strong>Li\u00ean h\u1ec7<\/strong><\/p>\n\n\n\n<p style=\"font-size:15px\"><strong>Tr\u1ee5 s\u1edf: <\/strong>15 P. H\u00e0 K\u1ebf T\u1ea5n, Ph\u01b0\u01a1ng Li\u1ec7t, Thanh Xu\u00e2n, H\u00e0 N\u1ed9i, Vietnam<\/p>\n\n\n\n<p style=\"font-size:15px\"><strong>Email: <\/strong><a href=\"mailto:ausunholding@gmail.com\">tien<\/a><a href=\"mailto:ausunholding@gmail.com\">@atastek.com<\/a><\/p>\n\n\n\n<p style=\"font-size:15px\"><strong>\u0110i\u1ec7n tho\u1ea1i: <\/strong>0366995989<\/p>\n\n\n\n<p style=\"font-size:15px\"><strong>M\u00e3 s\u1ed1 thu\u1ebf:<\/strong> \u00a0<strong>0110784815<\/strong><\/p>\n<\/div>\n\n\n\n<div class=\"wp-block-column is-layout-flow wp-block-column-is-layout-flow\" style=\"flex-basis:20%\">\n<p style=\"font-size:18px\"><strong>Atastek.com<\/strong><\/p>\n\n\n\n<p style=\"font-size:15px\">V\u1ec1 ch\u00fang t\u00f4i<\/p>\n\n\n\n<p style=\"font-size:15px\">\u0110\u1ed9i ng\u0169<\/p>\n\n\n\n<p style=\"font-size:15px\">\u0110\u1ed1i t\u00e1c<\/p>\n\n\n\n<p style=\"font-size:15px\">Tuy\u1ec3n d\u1ee5ng<\/p>\n\n\n\n<p style=\"font-size:15px\">Tin t\u1ee9c<\/p>\n<\/div>\n\n\n\n<div class=\"wp-block-column is-layout-flow wp-block-column-is-layout-flow\" style=\"flex-basis:20%\">\n<p style=\"font-size:18px\"><strong>H\u1ed7 tr\u1ee3<\/strong><\/p>\n\n\n\n<p style=\"font-size:15px\">Li\u00ean h\u1ec7<\/p>\n\n\n\n<p style=\"font-size:15px\">Gi\u00fap \u0111\u1ee1 v\u00e0 h\u1ed7 tr\u1ee3<\/p>\n\n\n\n<p style=\"font-size:15px\">D\u00e0nh cho \u0111\u1ed1i t\u00e1c<\/p>\n\n\n\n<p style=\"font-size:15px\">C\u00e1c c\u00e2u h\u1ecfi th\u01b0\u1eddng g\u1eb7p<\/p>\n<\/div>\n\n\n\n<div class=\"wp-block-column is-layout-flow wp-block-column-is-layout-flow\"><div class=\"wp-block-image\">\n<figure class=\"alignright size-full\"><img loading=\"lazy\" decoding=\"async\" width=\"176\" height=\"54\" src=\"https:\/\/uat.ausun.vn\/wp-content\/uploads\/2025\/02\/41af95f9ee99b64f99bcebc0edc9e484.png\" alt=\"\" class=\"wp-image-354\"\/><\/figure><\/div><\/div>\n<\/div>\n\n\n\n<div style=\"height:27px;;margin:auto;border-top:1px solid #fff\" aria-hidden=\"true\" class=\"wp-block-spacer container\"><\/div>\n\n\n\n<div class=\"wp-block-columns container is-layout-flex wp-container-core-columns-is-layout-7 wp-block-columns-is-layout-flex\">\n<div class=\"wp-block-column is-layout-flow wp-block-column-is-layout-flow\" style=\"flex-basis:35%\">\n<p class=\"has-text-align-left has-white-color has-text-color\" style=\"font-size:14px\">Copyright \u00a9 2021 Atastek. All Rights Reserved.<\/p>\n<\/div>\n\n\n\n<div class=\"wp-block-column is-layout-flow wp-block-column-is-layout-flow\" style=\"flex-basis:60%\">\n<div class=\"wp-block-columns is-layout-flex wp-container-core-columns-is-layout-6 wp-block-columns-is-layout-flex\">\n<div class=\"wp-block-column is-layout-flow wp-block-column-is-layout-flow\" style=\"flex-basis:66.66%\">\n<div class=\"wp-block-columns is-layout-flex wp-container-core-columns-is-layout-4 wp-block-columns-is-layout-flex\">\n<div class=\"wp-block-column is-vertically-aligned-center is-layout-flow wp-block-column-is-layout-flow\">\n<p class=\"has-white-color has-text-color has-link-color wp-elements-4ae5cf88b9335d982d6a3497ee5538ca\" style=\"font-size:12px\">\u0110i\u1ec1u kho\u1ea3n d\u1ecbch v\u1ee5<\/p>\n<\/div>\n\n\n\n<div class=\"wp-block-column is-vertically-aligned-center is-layout-flow wp-block-column-is-layout-flow\">\n<p class=\"has-white-color has-text-color has-link-color wp-elements-8d4272329a46620cb413653ae0a51896\" style=\"font-size:12px\">Ch\u00ednh s\u00e1ch b\u1ea3o m\u1eadt<\/p>\n<\/div>\n\n\n\n<div class=\"wp-block-column is-vertically-aligned-center is-layout-flow wp-block-column-is-layout-flow\">\n<p class=\"has-white-color has-text-color has-link-color wp-elements-c6ed88f050c77927e0c3445a04968e8c\" style=\"font-size:12px\">Google Data Studio<\/p>\n<\/div>\n<\/div>\n<\/div>\n\n\n\n<div class=\"wp-block-column is-layout-flow wp-block-column-is-layout-flow\" style=\"flex-basis:30%\">\n<div class=\"wp-block-columns container-icon-footer is-layout-flex wp-container-core-columns-is-layout-5 wp-block-columns-is-layout-flex\">\n<div class=\"wp-block-column is-vertically-aligned-top is-layout-flow wp-block-column-is-layout-flow\"><div class=\"wp-block-image img-icon-footer\">\n<figure class=\"aligncenter size-full is-resized\"><img loading=\"lazy\" decoding=\"async\" width=\"35\" height=\"36\" src=\"https:\/\/uat.ausun.vn\/wp-content\/uploads\/2025\/02\/linkin.png\" alt=\"\" class=\"wp-image-1334\" style=\"width:22px\" title=\"\"\/><\/figure><\/div><\/div>\n\n\n\n<div class=\"wp-block-column is-vertically-aligned-top is-layout-flow wp-block-column-is-layout-flow\"><div class=\"wp-block-image\">\n<figure class=\"aligncenter size-full is-resized\"><img loading=\"lazy\" decoding=\"async\" width=\"35\" height=\"36\" src=\"https:\/\/uat.ausun.vn\/wp-content\/uploads\/2025\/02\/fb.png\" alt=\"\" class=\"wp-image-1333\" style=\"width:22px\"\/><\/figure><\/div><\/div>\n\n\n\n<div class=\"wp-block-column is-vertically-aligned-top is-layout-flow wp-block-column-is-layout-flow\"><div class=\"wp-block-image\">\n<figure class=\"aligncenter size-full is-resized\"><img loading=\"lazy\" decoding=\"async\" width=\"35\" height=\"36\" src=\"https:\/\/uat.ausun.vn\/wp-content\/uploads\/2025\/02\/youtube.png\" alt=\"\" class=\"wp-image-1336\" style=\"width:22px\"\/><\/figure><\/div><\/div>\n\n\n\n<div class=\"wp-block-column is-vertically-aligned-top is-layout-flow wp-block-column-is-layout-flow\"><div class=\"wp-block-image\">\n<figure class=\"aligncenter size-full is-resized\"><img loading=\"lazy\" decoding=\"async\" width=\"35\" height=\"36\" src=\"https:\/\/uat.ausun.vn\/wp-content\/uploads\/2025\/02\/tiktok.png\" alt=\"\" class=\"wp-image-1335\" style=\"width:22px\"\/><\/figure><\/div><\/div>\n<\/div>\n<\/div>\n<\/div>\n<\/div>\n<\/div>\n<\/div>\n<\/div>\n\n\n\n<p><\/p>\n","protected":false},"excerpt":{"rendered":"<p>D\u1ef0 \u00c1N C\u1ee6A CH\u00daNG T\u00d4I C\u00f4ng ty CP c\u00f4ng ngh\u1ec7 Atastek \u0110\u0103ng k\u00fd ngay! \u0110\u1ec3 l\u1ea1i Email \u0111\u1ec3 nh\u1eadn th\u00f4ng tin m\u1edbi nh\u1ea5t t\u1eeb Ausun Holding Li\u00ean h\u1ec7 Tr\u1ee5 s\u1edf: 15 P. H\u00e0 K\u1ebf T\u1ea5n, Ph\u01b0\u01a1ng Li\u1ec7t, Thanh Xu\u00e2n, H\u00e0 N\u1ed9i, Vietnam Email: tien@atastek.com \u0110i\u1ec7n tho\u1ea1i: 0366995989 M\u00e3 s\u1ed1 thu\u1ebf: [&hellip;]<\/p>\n","protected":false},"author":1,"featured_media":0,"parent":0,"menu_order":0,"comment_status":"closed","ping_status":"closed","template":"","meta":{"footnotes":""},"class_list":["post-15","page","type-page","status-publish","hentry"],"_links":{"self":[{"href":"https:\/\/atastek.com\/index.php?rest_route=\/wp\/v2\/pages\/15","targetHints":{"allow":["GET"]}}],"collection":[{"href":"https:\/\/atastek.com\/index.php?rest_route=\/wp\/v2\/pages"}],"about":[{"href":"https:\/\/atastek.com\/index.php?rest_route=\/wp\/v2\/types\/page"}],"author":[{"embeddable":true,"href":"https:\/\/atastek.com\/index.php?rest_route=\/wp\/v2\/users\/1"}],"replies":[{"embeddable":true,"href":"https:\/\/atastek.com\/index.php?rest_route=%2Fwp%2Fv2%2Fcomments&post=15"}],"version-history":[{"count":342,"href":"https:\/\/atastek.com\/index.php?rest_route=\/wp\/v2\/pages\/15\/revisions"}],"predecessor-version":[{"id":2013,"href":"https:\/\/atastek.com\/index.php?rest_route=\/wp\/v2\/pages\/15\/revisions\/2013"}],"wp:attachment":[{"href":"https:\/\/atastek.com\/index.php?rest_route=%2Fwp%2Fv2%2Fmedia&parent=15"}],"curies":[{"name":"wp","href":"https:\/\/api.w.org\/{rel}","templated":true}]}}